{"id":110,"date":"2019-10-03T12:40:27","date_gmt":"2019-10-03T12:40:27","guid":{"rendered":"http:\/\/heidi-gumbert.de\/?page_id=110"},"modified":"2019-10-13T15:13:50","modified_gmt":"2019-10-13T15:13:50","slug":"bewegungsangebote-fuer-aeltere-und-hochaltrige-menschen-im-haeuslichen-umfeld","status":"publish","type":"page","link":"http:\/\/heidi-gumbert.de\/?page_id=110","title":{"rendered":"Bewegungsangebote f\u00fcr \u00e4ltere und hochaltrige Menschen im h\u00e4uslichen Umfeld"},"content":{"rendered":"<p><img decoding=\"async\" loading=\"lazy\" class=\"alignnone size-medium wp-image-37\" src=\"http:\/\/heidi-gumbert.de\/wp-content\/uploads\/2019\/10\/Logo-Heidi-rosa-002-300x93.png\" alt=\"\" width=\"300\" height=\"93\" srcset=\"http:\/\/heidi-gumbert.de\/wp-content\/uploads\/2019\/10\/Logo-Heidi-rosa-002-300x93.png 300w, http:\/\/heidi-gumbert.de\/wp-content\/uploads\/2019\/10\/Logo-Heidi-rosa-002-768x237.png 768w, http:\/\/heidi-gumbert.de\/wp-content\/uploads\/2019\/10\/Logo-Heidi-rosa-002-1024x316.png 1024w\" sizes=\"(max-width: 300px) 100vw, 300px\" \/><\/p>\n<p>Eine positive Sicht auf das Alter ist davon abh\u00e4ngig, mit welchem Grad an Selbst\u00e4ndigkeit das Alter\u00a0 gelebt werden kann<\/p>\n<p>Es gibt viele Gr\u00fcnde, weshalb ein \u00e4lterer Mensch nicht in eine Bewegungsgruppe gehen kann, auch wenn es sein Wunsch w\u00e4re (die Bewegungsgruppe ist zu weit entfernt, Beschwerden, Krankheit, Bewegungseinschr\u00e4nkungen). Oder er hat den Wunsch, zu Hause aktiviert zu werden. In h\u00e4uslicher Umgebung biete ich die M\u00f6glichkeit, durch gezielte individuelle Bewegungsf\u00f6rderung die Gesundheit k\u00f6rperlich und psychisch positiv zu beeinflussen und damit das Wohlbefinden im Alltag zu erh\u00f6hen. Das Ziel geht in Richtung <span style=\"font-family: arial, helvetica, sans-serif;\"><strong>Verbesserung der Alltagsf\u00e4higkeit<\/strong> <\/span>mit <strong><span style=\"font-family: arial, helvetica, sans-serif;\">mehr Kraft,<\/span> \u00a0<span style=\"font-family: arial, helvetica, sans-serif;\">Beweglichkeit,<\/span><\/strong><span style=\"font-family: arial, helvetica, sans-serif;\"> <strong>Selbstvertrauen <\/strong><\/span>und <span style=\"font-family: arial, helvetica, sans-serif;\"><strong>psychische Stabilit\u00e4t<\/strong>.<\/span> Es geht auch \u00a0um das Wissen etwas bewirken zu k\u00f6nnen, um lange autonom zu bleiben.<\/p>\n","protected":false},"excerpt":{"rendered":"<p>Eine positive Sicht auf das Alter ist davon abh\u00e4ngig, mit welchem Grad an Selbst\u00e4ndigkeit das Alter\u00a0 gelebt werden kann Es gibt viele Gr\u00fcnde, weshalb ein \u00e4lterer Mensch nicht in eine Bewegungsgruppe gehen kann, auch wenn es sein Wunsch w\u00e4re (die Bewegungsgruppe ist zu weit entfernt, Beschwerden, Krankheit, Bewegungseinschr\u00e4nkungen). Oder er hat den Wunsch, zu Hause &hellip; <\/p>\n<p class=\"link-more\"><a href=\"http:\/\/heidi-gumbert.de\/?page_id=110\" class=\"more-link\"><span class=\"screen-reader-text\">\u201eBewegungsangebote f\u00fcr \u00e4ltere und hochaltrige Menschen im h\u00e4uslichen Umfeld\u201c<\/span> weiterlesen<\/a><\/p>\n","protected":false},"author":2,"featured_media":0,"parent":0,"menu_order":0,"comment_status":"closed","ping_status":"closed","template":"","meta":[],"_links":{"self":[{"href":"http:\/\/heidi-gumbert.de\/index.php?rest_route=\/wp\/v2\/pages\/110"}],"collection":[{"href":"http:\/\/heidi-gumbert.de\/index.php?rest_route=\/wp\/v2\/pages"}],"about":[{"href":"http:\/\/heidi-gumbert.de\/index.php?rest_route=\/wp\/v2\/types\/page"}],"author":[{"embeddable":true,"href":"http:\/\/heidi-gumbert.de\/index.php?rest_route=\/wp\/v2\/users\/2"}],"replies":[{"embeddable":true,"href":"http:\/\/heidi-gumbert.de\/index.php?rest_route=%2Fwp%2Fv2%2Fcomments&post=110"}],"version-history":[{"count":6,"href":"http:\/\/heidi-gumbert.de\/index.php?rest_route=\/wp\/v2\/pages\/110\/revisions"}],"predecessor-version":[{"id":192,"href":"http:\/\/heidi-gumbert.de\/index.php?rest_route=\/wp\/v2\/pages\/110\/revisions\/192"}],"wp:attachment":[{"href":"http:\/\/heidi-gumbert.de\/index.php?rest_route=%2Fwp%2Fv2%2Fmedia&parent=110"}],"curies":[{"name":"wp","href":"https:\/\/api.w.org\/{rel}","templated":true}]}}