{"id":2,"date":"2016-05-10T03:48:21","date_gmt":"2016-05-10T03:48:21","guid":{"rendered":"http:\/\/heidi-gumbert.de\/?page_id=2"},"modified":"2019-10-13T14:28:38","modified_gmt":"2019-10-13T14:28:38","slug":"sample-page","status":"publish","type":"page","link":"http:\/\/heidi-gumbert.de\/","title":{"rendered":"Heidi Gumbert  &#8211;   Systemische Therapie und Beratung"},"content":{"rendered":"<p><img decoding=\"async\" loading=\"lazy\" class=\"alignnone size-medium wp-image-37\" src=\"http:\/\/heidi-gumbert.de\/wp-content\/uploads\/2019\/10\/Logo-Heidi-rosa-002-300x93.png\" alt=\"\" width=\"300\" height=\"93\" srcset=\"http:\/\/heidi-gumbert.de\/wp-content\/uploads\/2019\/10\/Logo-Heidi-rosa-002-300x93.png 300w, http:\/\/heidi-gumbert.de\/wp-content\/uploads\/2019\/10\/Logo-Heidi-rosa-002-768x237.png 768w, http:\/\/heidi-gumbert.de\/wp-content\/uploads\/2019\/10\/Logo-Heidi-rosa-002-1024x316.png 1024w\" sizes=\"(max-width: 300px) 100vw, 300px\" \/><\/p>\n<p><span style=\"font-family: arial, helvetica, sans-serif;\">Es gibt viele Gr\u00fcnde, sich f\u00fcr eine <strong>systemische Therapie oder Beratung<\/strong> zu entscheiden. Als Systemische Therapeutin, Psychotherapeutin (Heilpraktiker Gesetz) und staatlich gepr\u00fcfte Sportp\u00e4dagogin biete ich Ihnen bei der Bew\u00e4ltigung herausfordernder Lebenssituationen professionelle Hilfe an.<\/span><\/p>\n<p><span style=\"font-family: arial, helvetica, sans-serif;\">Ich \u00a0berate, unterst\u00fctze und begleite Sie bei Ihrer pers\u00f6nlichen Weiterentwicklung in unterschiedlichen Lebensphasen und beim Erwerb neuer Kompetenzen. Konkrete K\u00f6rperarbeit erweitert mein Angebot.<\/span><\/p>\n<p><span style=\"font-family: arial, helvetica, sans-serif;\">Die Erfahrung zeigt mir: Es gibt mehr L\u00f6sungen als Probleme.<\/span><\/p>\n<p><span style=\"font-family: arial, helvetica, sans-serif;\">Ich bedanke mich f\u00fcr Ihr Interesse an meiner Website und freue mich, wenn Sie mich pers\u00f6nlich kontaktieren.<\/span><\/p>\n","protected":false},"excerpt":{"rendered":"<p>Es gibt viele Gr\u00fcnde, sich f\u00fcr eine systemische Therapie oder Beratung zu entscheiden. Als Systemische Therapeutin, Psychotherapeutin (Heilpraktiker Gesetz) und staatlich gepr\u00fcfte Sportp\u00e4dagogin biete ich Ihnen bei der Bew\u00e4ltigung herausfordernder Lebenssituationen professionelle Hilfe an. Ich \u00a0berate, unterst\u00fctze und begleite Sie bei Ihrer pers\u00f6nlichen Weiterentwicklung in unterschiedlichen Lebensphasen und beim Erwerb neuer Kompetenzen. Konkrete K\u00f6rperarbeit erweitert &hellip; <\/p>\n<p class=\"link-more\"><a href=\"http:\/\/heidi-gumbert.de\/\" class=\"more-link\"><span class=\"screen-reader-text\">\u201eHeidi Gumbert  &#8211;   Systemische Therapie und Beratung\u201c<\/span> weiterlesen<\/a><\/p>\n","protected":false},"author":1,"featured_media":0,"parent":0,"menu_order":0,"comment_status":"closed","ping_status":"open","template":"","meta":[],"_links":{"self":[{"href":"http:\/\/heidi-gumbert.de\/index.php?rest_route=\/wp\/v2\/pages\/2"}],"collection":[{"href":"http:\/\/heidi-gumbert.de\/index.php?rest_route=\/wp\/v2\/pages"}],"about":[{"href":"http:\/\/heidi-gumbert.de\/index.php?rest_route=\/wp\/v2\/types\/page"}],"author":[{"embeddable":true,"href":"http:\/\/heidi-gumbert.de\/index.php?rest_route=\/wp\/v2\/users\/1"}],"replies":[{"embeddable":true,"href":"http:\/\/heidi-gumbert.de\/index.php?rest_route=%2Fwp%2Fv2%2Fcomments&post=2"}],"version-history":[{"count":19,"href":"http:\/\/heidi-gumbert.de\/index.php?rest_route=\/wp\/v2\/pages\/2\/revisions"}],"predecessor-version":[{"id":181,"href":"http:\/\/heidi-gumbert.de\/index.php?rest_route=\/wp\/v2\/pages\/2\/revisions\/181"}],"wp:attachment":[{"href":"http:\/\/heidi-gumbert.de\/index.php?rest_route=%2Fwp%2Fv2%2Fmedia&parent=2"}],"curies":[{"name":"wp","href":"https:\/\/api.w.org\/{rel}","templated":true}]}}